{"id":75,"date":"2020-01-27T08:29:32","date_gmt":"2020-01-27T08:29:32","guid":{"rendered":"https:\/\/demosites.io\/web-agency-gb\/?page_id=75"},"modified":"2026-01-14T20:27:09","modified_gmt":"2026-01-14T20:27:09","slug":"contato","status":"publish","type":"page","link":"https:\/\/galhardete.com.br\/?page_id=75","title":{"rendered":"Contate-nos"},"content":{"rendered":"\n<div class=\"wp-block-cover alignfull\" style=\"min-height:300px;aspect-ratio:unset;\"><span aria-hidden=\"true\" class=\"wp-block-cover__background has-nv-site-bg-background-color has-background-dim-100 has-background-dim\"><\/span><div class=\"wp-block-cover__inner-container is-layout-flow wp-block-cover-is-layout-flow\">\n<div class=\"wp-block-group\"><div class=\"wp-block-group__inner-container is-layout-flow wp-block-group-is-layout-flow\">\n<h1 class=\"wp-block-heading has-text-align-left has-neve-text-color-color has-text-color\">Entrar em contato<\/h1>\n<\/div><\/div>\n<\/div><\/div>\n\n\n\n<div class=\"wp-block-cover alignfull\" style=\"min-height:420px;aspect-ratio:unset;\"><span aria-hidden=\"true\" class=\"wp-block-cover__background has-nv-light-bg-background-color has-background-dim-100 has-background-dim\"><\/span><div class=\"wp-block-cover__inner-container is-layout-flow wp-block-cover-is-layout-flow\">\n<div style=\"height:80px\" aria-hidden=\"true\" class=\"wp-block-spacer\"><\/div>\n\n\n\n<div class=\"wp-block-columns is-layout-flex wp-container-core-columns-is-layout-9d6595d7 wp-block-columns-is-layout-flex\">\n<div class=\"wp-block-column ticss-4ce656f1 is-layout-flow wp-block-column-is-layout-flow\">\n<div style=\"height:24px\" aria-hidden=\"true\" class=\"wp-block-spacer\"><\/div>\n\n\n<div class=\"wp-block-image icon-style is-style-default\">\n<figure class=\"aligncenter size-large\"><a href=\"tel: 31984129069\"><img loading=\"lazy\" decoding=\"async\" width=\"63\" height=\"63\" src=\"https:\/\/galhardete.com.br\/wp-content\/uploads\/2021\/06\/phone-sm.png\" alt=\"\" class=\"wp-image-304\"\/><\/a><\/figure>\n<\/div>\n\n\n<h3 class=\"wp-block-heading has-text-align-center has-neve-text-color-color has-text-color\">Telefone<\/h3>\n\n\n\n<p class=\"has-text-align-center has-neve-text-color-color has-text-color\" style=\"font-size:15px\"><a href=\"tel:31984129069\">31 98412-9069<\/a> | Segunda a Sexta<\/p>\n\n\n\n<div style=\"height:24px\" aria-hidden=\"true\" class=\"wp-block-spacer\"><\/div>\n<\/div>\n\n\n\n<div class=\"wp-block-column ticss-f6fc7494 is-layout-flow wp-block-column-is-layout-flow\">\n<div style=\"height:24px\" aria-hidden=\"true\" class=\"wp-block-spacer\"><\/div>\n\n\n<div class=\"wp-block-image icon-style is-style-default\">\n<figure class=\"aligncenter size-large\"><img decoding=\"async\" src=\"https:\/\/galhardete.com.br\/wp-content\/uploads\/2021\/06\/email-sm.png\" alt=\"\" class=\"wp-image-306\"\/><\/figure>\n<\/div>\n\n\n<h3 class=\"wp-block-heading has-text-align-center has-neve-text-color-color has-text-color\">Email<\/h3>\n\n\n\n<p class=\"has-text-align-center has-neve-text-color-color has-text-color\" style=\"font-size:15px\"><a href=\"mailto:contato@banderminas.com.br\">contato@banderminas.com.br<\/a><\/p>\n\n\n\n<div style=\"height:24px\" aria-hidden=\"true\" class=\"wp-block-spacer\"><\/div>\n<\/div>\n\n\n\n<div class=\"wp-block-column ticss-a5b4df29 is-layout-flow wp-block-column-is-layout-flow\">\n<div style=\"height:24px\" aria-hidden=\"true\" class=\"wp-block-spacer\"><\/div>\n\n\n<div class=\"wp-block-image icon-style is-style-default\">\n<figure class=\"aligncenter size-large\"><img loading=\"lazy\" decoding=\"async\" width=\"49\" height=\"65\" src=\"https:\/\/galhardete.com.br\/wp-content\/uploads\/2021\/06\/location-sm.png\" alt=\"\" class=\"wp-image-305\"\/><\/figure>\n<\/div>\n\n\n<h3 class=\"wp-block-heading has-text-align-center has-neve-text-color-color has-text-color\">Endere\u00e7o<\/h3>\n\n\n\n<p class=\"has-text-align-center has-neve-text-color-color has-text-color\" style=\"font-size:15px\"><a href=\"https:\/\/www.google.com\/maps\/search\/Banderminas\/@-19.834705352783203,-43.96561813354492,17z?hl=pt-BR\">Rua Martinica, 41 &#8211; Santa Branca &#8211; Belo Horizonte &#8211; MG &#8211; CEP 31565-400<\/a><\/p>\n\n\n\n<div style=\"height:24px\" aria-hidden=\"true\" class=\"wp-block-spacer\"><\/div>\n<\/div>\n<\/div>\n\n\n\n<div style=\"height:30px\" aria-hidden=\"true\" class=\"wp-block-spacer\"><\/div>\n<\/div><\/div>\n\n\n\n<div class=\"wp-block-cover alignfull\" style=\"min-height:600px;aspect-ratio:unset;\"><span aria-hidden=\"true\" class=\"wp-block-cover__background has-nv-dark-bg-background-color has-background-dim-100 has-background-dim\"><\/span><div class=\"wp-block-cover__inner-container is-layout-flow wp-block-cover-is-layout-flow\">\n<div class=\"wp-block-group\"><div class=\"wp-block-group__inner-container is-layout-flow wp-block-group-is-layout-flow\">\n<div style=\"height:80px\" aria-hidden=\"true\" class=\"wp-block-spacer\"><\/div>\n\n\n\n<div class=\"wp-block-columns is-layout-flex wp-container-core-columns-is-layout-9d6595d7 wp-block-columns-is-layout-flex\">\n<div class=\"wp-block-column is-layout-flow wp-block-column-is-layout-flow\" style=\"flex-basis:50%\">\n<h2 class=\"wp-block-heading has-nv-text-dark-bg-color has-text-color\">Envie-nos uma mensagem ou venha nos visitar<\/h2>\n\n\n\n<p class=\"has-white-color has-text-color\">A Banderminas ter\u00e1 o maior prazer em atend\u00ea-lo, para isso envie-nos uma mensagem atrav\u00e9s do formul\u00e1rio a seguir, ou se preferir, venha em nosso endere\u00e7os e fale diretamente com um de nossos colaboradores.<\/p>\n<\/div>\n\n\n\n<div class=\"wp-block-column is-vertically-aligned-center is-layout-flow wp-block-column-is-layout-flow\" style=\"flex-basis:50%\">\n\n\n\n\n<\/div>\n<\/div>\n\n\n\n<div style=\"height:40px\" aria-hidden=\"true\" class=\"wp-block-spacer\"><\/div>\n<\/div><\/div>\n<\/div><\/div>\n","protected":false},"excerpt":{"rendered":"","protected":false},"author":1,"featured_media":0,"parent":0,"menu_order":0,"comment_status":"closed","ping_status":"closed","template":"","meta":{"_acf_changed":false,"neve_meta_sidebar":"default","neve_meta_container":"","neve_meta_enable_content_width":"on","neve_meta_content_width":100,"neve_meta_title_alignment":"","neve_meta_author_avatar":"","neve_post_elements_order":"","neve_meta_disable_header":"","neve_meta_disable_footer":"","neve_meta_disable_title":"on","_joinchat":[],"footnotes":""},"class_list":["post-75","page","type-page","status-publish","hentry"],"acf":[],"yoast_head":"<!-- This site is optimized with the Yoast SEO plugin v27.4 - https:\/\/yoast.com\/product\/yoast-seo-wordpress\/ -->\n<title>Contate-nos - Banderminas<\/title>\n<meta name=\"description\" content=\"Entre em contato com a Banderminas. Endere\u00e7o Banderminas. E-mail Banderminas. CEP Banderminas. Telefone Banderminas\" \/>\n<meta name=\"robots\" content=\"index, follow, max-snippet:-1, max-image-preview:large, max-video-preview:-1\" \/>\n<link rel=\"canonical\" href=\"https:\/\/galhardete.com.br\/?page_id=75\" \/>\n<meta property=\"og:locale\" content=\"pt_BR\" \/>\n<meta property=\"og:type\" content=\"article\" \/>\n<meta property=\"og:title\" content=\"Contate-nos - Banderminas\" \/>\n<meta property=\"og:description\" content=\"Entre em contato com a Banderminas. Endere\u00e7o Banderminas. E-mail Banderminas. CEP Banderminas. Telefone Banderminas\" \/>\n<meta property=\"og:url\" content=\"https:\/\/galhardete.com.br\/?page_id=75\" \/>\n<meta property=\"og:site_name\" content=\"Banderminas\" \/>\n<meta property=\"article:publisher\" content=\"https:\/\/pt-br.facebook.com\/numero1bandeiras\/\" \/>\n<meta property=\"article:modified_time\" content=\"2026-01-14T20:27:09+00:00\" \/>\n<meta property=\"og:image\" content=\"https:\/\/galhardete.com.br\/wp-content\/uploads\/2021\/06\/phone-sm.png\" \/>\n\t<meta property=\"og:image:width\" content=\"63\" \/>\n\t<meta property=\"og:image:height\" content=\"63\" \/>\n\t<meta property=\"og:image:type\" content=\"image\/png\" \/>\n<meta name=\"twitter:card\" content=\"summary_large_image\" \/>\n<meta name=\"twitter:label1\" content=\"Est. tempo de leitura\" \/>\n\t<meta name=\"twitter:data1\" content=\"1 minuto\" \/>\n<!-- \/ Yoast SEO plugin. -->","yoast_head_json":{"title":"Contate-nos - Banderminas","description":"Entre em contato com a Banderminas. Endere\u00e7o Banderminas. E-mail Banderminas. CEP Banderminas. Telefone Banderminas","robots":{"index":"index","follow":"follow","max-snippet":"max-snippet:-1","max-image-preview":"max-image-preview:large","max-video-preview":"max-video-preview:-1"},"canonical":"https:\/\/galhardete.com.br\/?page_id=75","og_locale":"pt_BR","og_type":"article","og_title":"Contate-nos - Banderminas","og_description":"Entre em contato com a Banderminas. Endere\u00e7o Banderminas. E-mail Banderminas. CEP Banderminas. Telefone Banderminas","og_url":"https:\/\/galhardete.com.br\/?page_id=75","og_site_name":"Banderminas","article_publisher":"https:\/\/pt-br.facebook.com\/numero1bandeiras\/","article_modified_time":"2026-01-14T20:27:09+00:00","og_image":[{"width":63,"height":63,"url":"https:\/\/galhardete.com.br\/wp-content\/uploads\/2021\/06\/phone-sm.png","type":"image\/png"}],"twitter_card":"summary_large_image","twitter_misc":{"Est. tempo de leitura":"1 minuto"},"schema":{"@context":"https:\/\/schema.org","@graph":[{"@type":"WebPage","@id":"https:\/\/galhardete.com.br\/?page_id=75","url":"https:\/\/galhardete.com.br\/?page_id=75","name":"Contate-nos - Banderminas","isPartOf":{"@id":"https:\/\/galhardete.com.br\/#website"},"primaryImageOfPage":{"@id":"https:\/\/galhardete.com.br\/?page_id=75#primaryimage"},"image":{"@id":"https:\/\/galhardete.com.br\/?page_id=75#primaryimage"},"thumbnailUrl":"https:\/\/galhardete.com.br\/wp-content\/uploads\/2021\/06\/phone-sm.png","datePublished":"2020-01-27T08:29:32+00:00","dateModified":"2026-01-14T20:27:09+00:00","description":"Entre em contato com a Banderminas. Endere\u00e7o Banderminas. E-mail Banderminas. CEP Banderminas. Telefone Banderminas","breadcrumb":{"@id":"https:\/\/galhardete.com.br\/?page_id=75#breadcrumb"},"inLanguage":"pt-BR","potentialAction":[{"@type":"ReadAction","target":["https:\/\/galhardete.com.br\/?page_id=75"]}]},{"@type":"ImageObject","inLanguage":"pt-BR","@id":"https:\/\/galhardete.com.br\/?page_id=75#primaryimage","url":"https:\/\/galhardete.com.br\/wp-content\/uploads\/2021\/06\/phone-sm.png","contentUrl":"https:\/\/galhardete.com.br\/wp-content\/uploads\/2021\/06\/phone-sm.png","width":63,"height":63},{"@type":"BreadcrumbList","@id":"https:\/\/galhardete.com.br\/?page_id=75#breadcrumb","itemListElement":[{"@type":"ListItem","position":1,"name":"In\u00edcio","item":"https:\/\/galhardete.com.br\/"},{"@type":"ListItem","position":2,"name":"Contate-nos"}]},{"@type":"WebSite","@id":"https:\/\/galhardete.com.br\/#website","url":"https:\/\/galhardete.com.br\/","name":"Banderminas","description":"A n\u00famero um em Bandeiras!!!!","publisher":{"@id":"https:\/\/galhardete.com.br\/#organization"},"potentialAction":[{"@type":"SearchAction","target":{"@type":"EntryPoint","urlTemplate":"https:\/\/galhardete.com.br\/?s={search_term_string}"},"query-input":{"@type":"PropertyValueSpecification","valueRequired":true,"valueName":"search_term_string"}}],"inLanguage":"pt-BR"},{"@type":"Organization","@id":"https:\/\/galhardete.com.br\/#organization","name":"Banderminas - Galhardete","url":"https:\/\/galhardete.com.br\/","logo":{"@type":"ImageObject","inLanguage":"pt-BR","@id":"https:\/\/galhardete.com.br\/#\/schema\/logo\/image\/","url":"https:\/\/galhardete.com.br\/wp-content\/uploads\/2022\/02\/logoeditavel.webp","contentUrl":"https:\/\/galhardete.com.br\/wp-content\/uploads\/2022\/02\/logoeditavel.webp","width":300,"height":235,"caption":"Banderminas - Galhardete"},"image":{"@id":"https:\/\/galhardete.com.br\/#\/schema\/logo\/image\/"},"sameAs":["https:\/\/pt-br.facebook.com\/numero1bandeiras\/","https:\/\/www.instagram.com\/wgil_bandeiras","https:\/\/www.linkedin.com\/company\/wgil-bandeiras\/"]}]}},"_links":{"self":[{"href":"https:\/\/galhardete.com.br\/index.php?rest_route=\/wp\/v2\/pages\/75","targetHints":{"allow":["GET"]}}],"collection":[{"href":"https:\/\/galhardete.com.br\/index.php?rest_route=\/wp\/v2\/pages"}],"about":[{"href":"https:\/\/galhardete.com.br\/index.php?rest_route=\/wp\/v2\/types\/page"}],"author":[{"embeddable":true,"href":"https:\/\/galhardete.com.br\/index.php?rest_route=\/wp\/v2\/users\/1"}],"replies":[{"embeddable":true,"href":"https:\/\/galhardete.com.br\/index.php?rest_route=%2Fwp%2Fv2%2Fcomments&post=75"}],"version-history":[{"count":9,"href":"https:\/\/galhardete.com.br\/index.php?rest_route=\/wp\/v2\/pages\/75\/revisions"}],"predecessor-version":[{"id":719,"href":"https:\/\/galhardete.com.br\/index.php?rest_route=\/wp\/v2\/pages\/75\/revisions\/719"}],"wp:attachment":[{"href":"https:\/\/galhardete.com.br\/index.php?rest_route=%2Fwp%2Fv2%2Fmedia&parent=75"}],"curies":[{"name":"wp","href":"https:\/\/api.w.org\/{rel}","templated":true}]}}